the remainder when 22 is divided by -2 + (p - 1 - -16).
10
Let l(d) = -d**2 + 3*d**3 - 2*d**3 + d - 7*d - 4*d**2 + 5. Let a be l(6). Suppose -m = -a*q - 48, m - 6 - 42 = q. What is the remainder when m is divided by 17?
14
Let h = 215 + -183. What is the remainder when 31*-1*(-2 - 1) is divided by h?
29
Suppose -14 + 69 = 5*r. Suppose r*x = -9 + 284. Calculate the remainder when 70 is divided by x.
20
Calculate the remainder when 40 is divided by 775/25 - (0 + -1*2).
7
Let i(c) = c**3 - 12*c**2 + 12*c + 14. Let a(f) = -f**2 - 5*f + 11. Let k be a(-5). Calculate the remainder when 45 is divided by i(k).
20
Suppose -3*w = -2*u - 40, -2*w = -2*u - u - 20. Let k = -8 - -18. Suppose -m + k = -19. What is the remainder when m is divided by w?
13
Let p = -919 - -653. Let z = 529 + p. What is the remainder when z is divided by 53?
51
Let i = 1015 + -963. What is the remainder when 1765 is divided by i?
49
Let x be (-14)/4*(-24)/7. Let u = x + -10. What is the remainder when 4 is divided by u?
0
Let m(z) = -169*z - 1. Let w be m(-1). Suppose -10*l - w = -13*l. Suppose 0 = -4*i + u + 79, -5*u + 88 = 5*i + 8. What is the remainder when l is divided by i?
18
Let y(t) = -t**3 - 9*t**2 - 8*t - 12. What is the remainder when y(-9) is divided by 32?
28
Let r be (5/(-15))/((-2)/12). Suppose -l = 5*m - 24, r*l - 2*m = -l + 4. Suppose l*d = 5*d - 13. What is the remainder when 23 is divided by d?
10
What is the remainder when 114/(-18) - -6 - (-190)/3 is divided by 13?
11
Suppose 0 = g + 3 - 20. Suppose g = m - 4. What is the remainder when m is divided by 4/16 - (-43)/4?
10
Let k(x) = x + 21. Let i be k(-13). Suppose -3*d - z = i - 135, -5*z = d - 19. Let w(u) = -14*u**3 - 2*u - 1. What is the remainder when d is divided by w(-1)?
14
Let q be 38/6 + 2/(-6). Let u be -4 + (-4)/q*-6. Let r = 24 - u. What is the remainder when r is divided by 13?
11
Suppose 2*h = -0*s - 5*s + 1421, 0 = -3*s - 5*h + 845. Suppose -21 + s = 8*q. What is the remainder when 96 is divided by q?
30
Let x = 60 - 36. Suppose m + 3*m = x. Calculate the remainder when 51 is divided by (13/(-3))/(m/(-18)).
12
Let h(o) = -3*o + 19. Let a be h(3). Suppose -189 = -a*y + 3*y. What is the remainder when y is divided by 14?
13
Let g = -113 + 193. Suppose 3*w = -w + g. Let l = 865 + -786. What is the remainder when l is divided by w?
19
Let v(t) = -24*t - 95. Suppose 5*y + 5*l - 130 = 0, -y - 2*l - 19 + 49 = 0. Let k = 39 - y. What is the remainder when v(-6) is divided by k?
15
Let k(i) = 2*i - 21. Let z be k(6). Let d = 27 + z. Calculate the remainder when d is divided by 10.
8
Suppose 2*i - 53 + 19 = 0. What is the remainder when 83 is divided by i?
15
Let v(n) = 5*n - n - 9 + 33. Calculate the remainder when v(-3) is divided by 9.
3
Let p(w) = 3*w**2 + 16*w - 116. Calculate the remainder when 67 is divided by p(5).
28
Suppose -3*w - 129*n + 81 = -132*n, 3*w - 2*n = 77. Calculate the remainder when 1102 is divided by w.
21
Suppose 5*c = -3*q + 250, -2*q = c - 61 - 101. Let z = -29 + q. Let h = -32 + z. Calculate the remainder when h is divided by 4.
3
Suppose -171 = -r - 167. Let b be ((-4)/6)/((-3)/9). Suppose -8 = p - b*p + 4*v, 2*p - 16 = -r*v. What is the remainder when 29 is divided by p?
5
Suppose 7*o - 138 - 51 = 0. What is the remainder when 323 is divided by o?
26
Calculate the remainder when 22 is divided by ((-38)/3)/(18/(-27)).
3
Let l(p) = 87*p + 369. Calculate the remainder when l(0) is divided by 76.
65
Let h(n) = 8*n + 612. Calculate the remainder when h(-54) is divided by 91.
89
Let d be (4/(-2))/(4/(-42)). Let p = -1306 - -2467. Calculate the remainder when p/d - (-4)/(-14) is divided by 14.
13
Let j(r) = -4*r**2 + 11 - r**3 + 6*r + 5*r**3 - 4*r**2 - 3*r**3. What is the remainder when 9 is divided by j(7)?
1
Let n(y) = 57*y - 1237. What is the remainder when 83 is divided by n(22)?
15
Suppose 5*k - 2*k + 3 = 0. Let t be 4/k - -3 - -49. Let b = t + -12. Calculate the remainder when b is divided by 19.
17
Let r = -18 - -31. Let h = -6 + r. What is the remainder when 10 is divided by h?
3
Suppose 3*j - 5*x = 131, j - 5*x - 28 = -1. Suppose 0 = 4*h - 5*w + 2*w - j, -h + 5*w = -13. What is the remainder when h is divided by 3?
1
Let f be 80/(1*(0 - -1)). Calculate the remainder when (48/f)/((-2)/(-410)) is divided by 31.
30
Let k(j) = j**3 + 36*j**2 + 33*j - 7. Calculate the remainder when k(-35) is divided by 13.
11
Suppose -4*p = 5*a - 190, 2*p + 0*p = -a + 38. Let c = 5 + -2. What is the remainder when a is divided by 26*4/24*c?
12
Let o(t) = -t**2 - 6*t - 6. Let k be o(-4). Suppose 4*m = k*m + 100. Calculate the remainder when m is divided by 14 - 1/(4/4).
11
Suppose 592 = 2*c + 6*c. Let f = c - 49. Suppose -10 = -5*n + 5*b, 3*n - 1 - 10 = 2*b. What is the remainder when f is divided by n?
4
Let c(n) = -3*n. Let j be c(-4). Let d be (j/21)/((-8)/(-28)). Suppose 0 = -w + d*q - 2 + 12, -3*w + q + 25 = 0. What is the remainder when w is divided by 2?
0
Let m be 229/5 + (-6)/(-30). Suppose -2*f = d - 123, -134 = -3*f + 3*d + m. Calculate the remainder when f is divided by (-7 + 6)/(1*1/(-21)).
19
Let y(h) = -8*h + 6. Let z be y(-8). Suppose -f = -2*f + 2. What is the remainder when z/25 - 2/(-10) is divided by f?
1
Let c = 138 + -231. Let l = -62 - c. Calculate the remainder when 185 is divided by l.
30
Let n = -9 - -24. Calculate the remainder when 2 - (2 - 56/2) is divided by n.
13
Let y be (90 - -1) + 28/7. Suppose 19*p - y = 14*p. Calculate the remainder when 67 is divided by p.
10
Let q = 135 - 13. Calculate the remainder when q is divided by 42.
38
Suppose -b + 8 + 17 = -3*i, -5*b - 2*i = -74. Calculate the remainder when 284 is divided by b.
12
Let v(h) = -h**3 + 13*h**2 + h - 19. Let r be v(13). Suppose 0 = -3*z - z + 16. What is the remainder when 19 + (-12)/(r/(-2)) is divided by z?
3
What is the remainder when 318 is divided by (-689)/(-13) + 12 - -2?
50
Suppose 5*u = -2*r + 27, -1 - 2 = 3*u. Let t(l) = l**2 - l + 4. Let y be t(-6). Let s = y + -17. What is the remainder when s is divided by r?
13
Let l = -12 - -15. Let s be 20/3 + 1/l. Let v(k) = -k**2 + 8*k + 5. Calculate the remainder when 35 is divided by v(s).
11
Suppose 119 = w - 5*d - 280, -w - 4*d = -426. What is the remainder when w is divided by 7?
1
Let w(s) = 6*s**3 + 2*s**2 - 2*s + 2. Let m be w(2). Suppose 6*u - m = 3*u. Suppose 0 = 2*a - 3*a + 34. What is the remainder when a is divided by u?
16
Suppose -2*a + 175 = -h, -2 = -5*h - 7. What is the remainder when a is divided by 52?
35
Let r(m) = -m**2 - 8*m + 2. Let o(u) = 2*u**2 + 8*u - 1. Let l(x) = 2*o(x) + 3*r(x). Calculate the remainder when l(9) is divided by 7.
6
Suppose -3*c + 37 = -2. Let w(k) = 9*k**2 + 3*k + 5. What is the remainder when w(-3) is divided by c?
12
Let t(d) = d**3 + 33*d**2 + 4*d + 148. What is the remainder when t(-33) is divided by 6?
4
Suppose 33 = 5*s - 72. Calculate the remainder when ((-492)/9)/(s/9 - 3) is divided by 14.
12
Let j = -19 + 21. Suppose -j = 3*f - 26. Calculate the remainder when f is divided by 6.
2
Let r(p) = 2*p**3 - 38*p**2 + 37*p - 8. Suppose 27 = m + 8. What is the remainder when m is divided by r(18)?
9
Suppose 67 = 7*u + 5*q, 6*q = 3*u + 4*q - 8. Let c = 8 - 1. Suppose -c*o = -2*o - 45. What is the remainder when o is divided by u?
3
Let n(m) = 72*m - 93. What is the remainder when n(2) is divided by 7?
2
Suppose -106*t = -113*t + 371. What is the remainder when t is divided by 14?
11
Let o(a) = -a**3 + 35*a**2 + 115*a + 33. Calculate the remainder when o(38) is divided by 28.
15
Let p(o) = -o**3 - 16*o**2 - 25*o - 56. What is the remainder when p(-15) is divided by 7?
3
Suppose -14*z + 86 = 2. What is the remainder when z is divided by (1 - (-9)/(-5))*-5?
2
Let w be (-2)/4*-3 + (-137)/2. Let l = w + 136. Suppose 0 = b - 12 - 6. Calculate the remainder when l is divided by b.
15
Calculate the remainder when (-60)/(-45) - 1923/(-9) is divided by 27.
26
Suppose -2*y - 5*h + 26 = 0, 2*y - 2*h = 4*y - 32. Calculate the remainder when 593 is divided by y.
17
Let p = 117 - 88. What is the remainder when 45 is divided by p?
16
Let o(p) = p**3 + 20*p**2 - 30*p - 47. Calculate the remainder when o(-21) is divided by 18.
16
Let x(h) = h**2 + 13*h + 83. Calculate the remainder when x(-13) is divided by 37.
9
Sup